= -31 - j. Does 14 divide q?
False
Let h be (-2)/10 - 41/(-5). Does 15 divide (-4)/(h/(-45))*2?
True
Let y be (1 + -5)/(-6 + 5). Suppose x + y*j - 7 = 0, x = 3*j + j - 1. Does 2 divide x?
False
Let b = -13 - -13. Suppose b = 2*o - x - 72, -5*o + 42 + 141 = -4*x. Is 7 a factor of o?
True
Suppose -5*i - 3*d - 10 = -54, 4*i + 5*d - 43 = 0. Let a(v) = -3*v + 1 - i*v - 12*v. Does 9 divide a(-1)?
False
Suppose 0 = 10*j - 6*j - 736. Is j a multiple of 46?
True
Let z(t) = 13 - 4*t**2 + 5*t**2 - t**3 + t - 23 + 6*t**2. Is 22 a factor of z(6)?
False
Suppose -3*l = -2*w - 41, -5*w - 127 = -2*l - 41. Let g be (-5)/(-15) + w/3. Is (-2)/g - (-294)/15 a multiple of 9?
False
Let g(b) = b**3 - 8*b**2 + 3*b - 1. Is 9 a factor of g(8)?
False
Let t(r) = -r**2 + 4. Let c be t(-3). Is (c + 0)*(1 + -2) a multiple of 5?
True
Suppose 4*u - 5*u = 0. Let s be -12*(u + (-2)/4). Does 5 divide ((-22)/s)/(2/(-6))?
False
Let d(c) = c**2 + 6*c - 6. Let j be d(-7). Is j/(3/153*3) a multiple of 17?
True
Suppose 2*p + 40 = -6*p. Let z = -15 - 11. Let c = p - z. Does 8 divide c?
False
Suppose 0 = 8*l + 588 - 1620. Is l a multiple of 21?
False
Suppose -4*g + 12 = -2*g. Is 3 a factor of g?
True
Let m = -315 + 225. Let f = m - -42. Is (-2)/(1*3/f) a multiple of 16?
True
Suppose -4*v + 0 - 8 = -2*u, -2*u + 8 = 5*v. Suppose 56 = 4*x - 3*y - 3, 4*y = -u. Does 7 divide x?
True
Let p(x) = x**3 + 12*x**2 + 10*x + 10. Let w be p(-11). Let b = w + -15. Is 3 a factor of b?
True
Let s(r) be the third derivative of -r**6/24 - r**5/20 + r**4/12 - r**3/3 - 2*r**2. Let j be s(-3). Suppose -5*v + j = -0*v. Is v a multiple of 9?
False
Suppose -o - 116 = -2*o. Is 10 a factor of o?
False
Let d(c) = c - 3. Let k be d(5). Let v = -9 + 19. Suppose -4*b + v = -k*b. Is b a multiple of 5?
True
Suppose 5*m + 3*q + 5 = 0, -4*m - 5*q + 21 = -3*m. Let f be m/16 + 85/4. Is 10 a factor of -4 - -3 - f*-1?
True
Let i = -9 + 4. Let a = 12 + i. Suppose -4*p = 2*j + a - 75, -2 = 2*p. Does 15 divide j?
False
Let b(d) = -d**2 - 8*d - 7. Let f be b(-6). Suppose -2*t = -4*w - 132, -f*t + 177 = -w - 189. Is 23 a factor of t?
False
Let n = 5 - 11. Let q = 11 + n. Does 5 divide q?
True
Let l(i) be the second derivative of 3*i**3 - i**2/2 + 4*i. Does 5 divide l(1)?
False
Suppose 0*g - 5*g = 20. Is 3 a factor of 864/63 - g/14?
False
Suppose 4*r - 5*i = -17, -4*r = -4*i + 2 + 10. Suppose -65 = -5*g + 5*m + 50, r*g + 4*m = 52. Is 12 a factor of g?
True
Let p(d) = 2*d**3 - 8*d**2 - 2*d + 4. Does 17 divide p(6)?
True
Suppose 32 + 18 = 5*v. Is v a multiple of 8?
False
Let m be (-1 - -2)/((-4)/44). Is ((-58)/(-4))/(m/(-88)) a multiple of 34?
False
Suppose -v = -5*s - 1, 3 = 4*v - 3*s - 1. Let t be v/2 - (-12)/(-8). Does 14 divide 2*t + (27 - 1)?
False
Suppose -16 = -3*j - 7. Suppose -4*w + 186 = 2*c, j*w + 2*c - 152 = -2*c. Does 18 divide w?
False
Let c(z) = 6*z**2 + z + 4. Let y be c(3). Suppose 25 - y = -3*p. Suppose 0 = -2*a - 2*a + p. Is 3 a factor of a?
True
Let a = 4 - 3. Suppose -3*h = -26 - 1. Let m = h + a. Does 9 divide m?
False
Let w = 85 + -34. Is 4 a factor of w?
False
Let l(o) = 3*o**2 - 4*o + 3. Let p = 11 + -9. Is l(p) a multiple of 2?
False
Let g be 4170/54 + 2/(-9). Let x = g + -18. Suppose -3*k + 5*j = -7*k + x, 0 = 2*k - 4*j - 36. Is 13 a factor of k?
False
Let s = 20 + -14. Let t be (s/(-9))/((-4)/18). Suppose -t*i = 4*o - 141, 0 = -5*o - i + 3*i + 205. Is 14 a factor of o?
False
Let q(t) = -2*t - 4 - t**3 + 4*t + 5*t**2 + 0*t. Suppose 3 + 1 = 4*j - 4*y, 0 = -4*j - y + 14. Does 10 divide q(j)?
True
Let p(q) = -q**3 - 2*q**2 + 7*q + 6. Is p(-5) a multiple of 36?
False
Suppose 0 = x + 3*x + 4*n - 1556, -5*n = 3*x - 1167. Does 13 divide x?
False
Let k(u) = 7*u - 6. Does 10 divide k(6)?
False
Suppose -15*w = -9*w - 30. Is w a multiple of 4?
False
Let m(n) = -n + 1. Let u(z) = z + 1. Let v be u(3). Let f be m(v). Let j(r) = 5*r**2 + 5*r + 4. Is 17 a factor of j(f)?
True
Suppose -m - d + 54 = -47, 5*m + 2*d = 502. Is m a multiple of 17?
False
Let u(w) = 2*w**2 + 4*w**2 + 2*w**2 + 7 + 4*w - w**3. Does 28 divide u(7)?
True
Let y(x) = -10*x - 6. Let a(t) = t**2 - 20*t - 11. Let r(i) = 2*a(i) - 5*y(i). Is 5 a factor of r(-6)?
True
Let b(i) = -i**2 + 9*i - 8. Let u be b(8). Let f be (-15)/((2 + u)/2). Let j = 11 - f. Does 13 divide j?
True
Let p be (52/6)/((-8)/(-36)). Let y = -24 + 9. Let b = p + y. Is 9 a factor of b?
False
Let x = 2 + -4. Let m be (x/(-1))/(2/4). Suppose -f - 69 = -4*y + y, y = -m*f + 36. Is 24 a factor of y?
True
Suppose -34*t + 29*t + 450 = 0. Is 5 a factor of t?
True
Let x be (-4 - 4) + -1 - -4. Let c(a) = -4*a. Does 10 divide c(x)?
True
Let k(c) = 3*c - c**2 - 3*c + 87. Let j be k(0). Suppose 4*i - j = 9. Is 12 a factor of i?
True
Is 22 a factor of 1162/42 - (-2)/(-3)?
False
Let c = 4 + -4. Does 12 divide (c/(-3) + -1)*-12?
True
Suppose -d = -4*v + 10 - 60, 4*d = -5*v + 242. Is 16 a factor of d?
False
Is 12 a factor of 4 - (-1)/(2/112)?
True
Let d(m) = -10*m - 18. Is d(-8) a multiple of 6?
False
Does 12 divide (6/(-8))/((-4)/640)?
True
Let c be 4/(-2) + (61 - -1). Suppose -2*h - h = -c. Does 10 divide h?
True
Let m = -36 + 101. Does 5 divide m?
True
Let l = 1 + 26. Is 27 a factor of l?
True
Is ((-12)/10)/(5/((-8600)/12)) a multiple of 45?
False
Let n be (-2)/(-9) - 92/9. Let i = 27 - n. Is 14 a factor of i?
False
Let b(q) = -7*q**2 - q - 2. Let z(p) = -8*p**2 - p - 2. Let k(l) = -3*b(l) + 2*z(l). Suppose -2 + 12 = 5*i. Does 24 divide k(i)?
True
Let z = -11 - -18. Let r(h) = h**3 - 7*h**2 + 8*h. Let c be r(z). Let k = c - 34. Is 14 a factor of k?
False
Let t be ((-96)/(-20))/((-6)/(-20)). Let a be t/5*(-8 + 3). Is a/(-2) + 4/2 a multiple of 5?
True
Suppose m + 55 = 6*m. Suppose -4 = 5*q + m. Does 10 divide q - (-2)/((-6)/(-39))?
True
Suppose -3*a + 2*a = 0. Suppose 5*t - 40 = -a*t. Does 8 divide t?
True
Let a(q) = 16*q + 1. Let p be a(1). Let f = p - 10. Does 2 divide f?
False
Suppose -76 = h - 5*h. Suppose 0*n = n - h. Does 8 divide n?
False
Let k be (-2)/3 - (-64)/24. Suppose 0 = -k*l + 17 + 23. Is 20 a factor of l?
True
Is 4 a factor of (630/(-40))/((-3)/8)?
False
Suppose 21*p - 340 = 17*p. Is 21 a factor of p?
False
Let h(q) = -9*q - 1. Let c be h(1). Let t = -2 - c. Is 8 a factor of t?
True
Let m(y) = 61*y. Let c = -4 + 5. Let a be m(c). Suppose -4*o = -2*b + a + 11, -5*b - 2*o = -180. Is 18 a factor of b?
True
Let d(y) be the third derivative of y**4/6 - 11*y**3/6 + 4*y**2. Is 8 a factor of d(8)?
False
Suppose -a = o - 121, -19*o - 610 = -24*o - 4*a. Is o a multiple of 9?
True
Suppose 5*x + 8*w = 3*w + 20, x - 2*w = -8. Suppose 5*l - 5*k - 20 = x, 2*l - 3*k - 4 = -0*l. Is l a multiple of 4?
True
Let n = -476 - -676. Does 52 divide n?
False
Let c be 45/(-12)*8/(-3). Let b = 15 - c. Is b a multiple of 5?
True
Suppose -1994 = -5*t - 2*f, -5*f + 1985 = -0*t + 5*t. Let d be t/18 + 4/(-18). Let b = d + -13. Is 5 a factor of b?
False
Let o(i) = -14*i + 1. Let q be o(4). Let m = q + 106. Is m a multiple of 22?
False
Let w = 437 - 226. Is 37 a factor of w?
False
Let n be (-1 + 3/(-4))*-4. Suppose n*o + 80 = 9*o. Is 11 a factor of o?
False
Suppose -a - 141 = -2*a. Does 45 divide a?
False
Suppose -5*n - 6*a + a = -180, -2*n + 47 = -3*a. Does 8 divide n?
False
Suppose -4*j + 54 - 6 = 0. Suppose -3*y - 3 = j, -2*y - 10 = 4*h. Suppose -9 = -2*a + 4*o + 11, h = -o + 4. Is 6 a factor of a?
True
Let x = -2 + 7. Let t = 19 + -4. Suppose -x*s + 0*s + t = 0. Is 3 a factor of s?
True
Suppose -l + 1 = 3*b - 2*b, 5*b = -3*l - 1. Let r be b - (-1 + 1 - 130). Suppose 4*j = -3*a + r, 0*a - 5*a = 0. Does 11 divide j?
False
Let z be 3/9 - (-15)/9. Let g(r) = 3*r**3 - 2*r**2 + 3*r - 2. Is g(z) a multiple of 10?
True
Let k(z) = -3 + 3 - 3 - 18*z - 1. Let n be k(-5). Suppose -3*p - r = -n, 33 = 4*r + 13. Does 11 divide p?
False
Suppose 2*b + 3*b + 190 = 5*n, 3*b = 2*n - 72. Is 14 a factor of n?
True
Suppose 0 = -5*r + q - 3 + 84, -2*q + 8 = 0. Does 3 divide r?
False
Suppose -t - 4*t = 175. Let n be ((-21)/6)/(2/(-36)). Let x = t + n. Is x a multiple of 14?
True
Let s = 7 + 3. Let r = 21 - -20. Let w = r - s. Does 11 divide w?
False
Suppose -3*n = 2*n. Suppose 250 = -5*m - 5*w + 670, n = -3*m - w + 248. Is m a multiple of 13?
False
Suppose v = 4*v + 2*y - 586, 186 = v + 3*y. Is v a multiple of 18?
True
Let j(b) = 23*b**